 (-290)/26 + 1 + 12/78. Let b(a) = -5*a - 28. Let i be b(o). What is the units digit of p(i)?
9
Let y be 2*4*4/8. Suppose -a - o + 314 = -159, 5*a = -y*o + 2369. What is the units digit of a?
7
Suppose -z + 4 = -44*y + 46*y, 2*y - 12 = -3*z. Suppose 4*i = l + 1302, y = i + 4*i + 5*l - 1640. What is the tens digit of i?
2
Suppose 0 = -5*w - 6 - 4, 4*w + 28 = 5*i. Suppose -2*m + 654 = 4*t, 3*m = 2*t - i*t + 329. What is the tens digit of t?
6
What is the hundreds digit of 90/((468/(-4336))/(-39))?
5
Let d(u) = -2*u**3 - 2*u**2 + 15*u + 59. Let o(h) = -4*h**3 - h**2 + 30*h + 119. Let t(j) = 7*d(j) - 3*o(j). What is the thousands digit of t(-11)?
1
Suppose 43*h = -4*a + 48*h + 229, -3*a + 2*h + 163 = 0. What is the thousands digit of (-2 - 89770/(-85)) + (-6)/a?
1
Suppose -k = l - 3964, -52*k - 2*l = -57*k + 19841. What is the thousands digit of k?
3
Suppose 4*x - 102254 = 3*c, 51106 = -36*x + 38*x - 5*c. What is the tens digit of x?
6
Suppose 0*s - 4*s = -16, -4*k = -3*s + 320. Let z = 121 + k. Suppose -56 = -4*q - 2*i, -5*i = 4*q - 0*i - z. What is the units digit of q?
6
Suppose -6011969 - 1344226 = -315*b. What is the ten thousands digit of b?
2
Suppose 19*x + 34398 - 266445 = 0. What is the ten thousands digit of x?
1
Suppose 3*a - 7983 = -5*s, -a = 5*s - 2399 - 282. What is the tens digit of a?
5
Let q be 6*((-2)/4 + 21/18). Let u be (-55758)/(-114) + q/(-38). Suppose 5*a - 5*c = 840, 6*a - 9*a + u = 2*c. What is the units digit of a?
5
What is the units digit of ((-3388)/84 + 39)/(8/(-339786))?
1
Let x(i) = 19*i**3 - 2*i**2 - 3*i - 2. Let s be x(-1). Let c = s + -196. Let b = 408 + c. What is the tens digit of b?
9
Suppose -4*a + 389*f + 56974 = 391*f, -15 = 5*f. What is the units digit of a?
5
Let s = -927 + 5847. What is the hundreds digit of s?
9
Suppose x + 2*x = 282. Let s(d) = d**2 + 5*d - 23. Let h be s(11). Let a = h - x. What is the units digit of a?
9
Let d(w) = w**3 - 3*w**2 - 9*w + 18. Let a be d(4). Let g(v) = -47*v**3 - v - 3. What is the tens digit of g(a)?
7
Suppose -3*u + 87573 = 3*p - 6*p, -p = 2*u - 58358. What is the tens digit of u?
8
Let r be (60/(-2))/(1978/396 - 5). Suppose -11*q + 20*q = r. What is the hundreds digit of q?
6
Let q = 79 + -55. Suppose -47*c = -50*c - q. Let m(k) = -k**3 - 7*k**2 + 3*k + 26. What is the tens digit of m(c)?
6
Suppose q = -3*q - c - 4, 5*q + 4*c = -16. Suppose 0*x + 5*x = q. Suppose x*w - o = 4*w - 200, -98 = -2*w - o. What is the tens digit of w?
5
Let m(k) be the third derivative of k**6/30 + k**4/6 - 7*k**3/6 + 103*k**2. What is the units digit of m(4)?
5
Suppose -98*l + 9063 = a - 93*l, 5*a = 4*l + 45460. What is the thousands digit of a?
9
What is the hundreds digit of ((-18826)/(-14))/(164/1148)?
4
Let v = 39979 - 7152. What is the units digit of v?
7
Let k = 219 + -218. What is the tens digit of 334*k - (-140)/20?
4
Suppose 7*l + 11451 = 44057. Let m = l - 3269. What is the units digit of m?
9
Let l(y) = 16*y**3 - 4*y**2 - 8*y - 27. Let j be l(-3). What is the units digit of (-3 - -1) + j*(-8)/12?
2
Suppose 2*c = -5*n + 80, n = 2*c + 6 + 22. Let m(p) = -p**3 + 20*p**2 - 25*p + 17. What is the tens digit of m(n)?
1
Let w = 112 - 93. Suppose -3*r = q - 580, r - 191 = 5*q - w. What is the tens digit of r?
9
Suppose 7*d - 16*d - 468 = 0. What is the hundreds digit of (4/2)/(d/(-8918))*1?
3
Let u(f) = 2*f**3 - 9*f**2 - 45*f + 9. What is the units digit of u(24)?
3
Let w(p) = -p**3 - 6*p**2 - 6*p + 8. Let l(r) = -4*r - 19. Let t be l(-2). What is the tens digit of w(t)?
7
Suppose -164*x + 162*x + 7960 = 0. What is the thousands digit of x?
3
Let o(v) = 628*v**2 - v - 3. Let j(l) = 631*l**2 - l - 4. Let u(y) = -4*j(y) + 6*o(y). What is the tens digit of u(-1)?
4
Let x(r) = r**2 + 13*r - 7. Let f be x(-12). Let a(b) = -22*b - 219. What is the tens digit of a(f)?
9
Let p(q) = 5*q**3 + 5*q**2 + q - 6. Let s be p(-3). Let z = 141 + s. Let n = z + -12. What is the units digit of n?
0
Suppose 0 = q - 4*q + 6, -16 = -5*f - 3*q. Let v(c) = 35*c**2 - c - 7. What is the tens digit of v(f)?
3
Let u(b) = 2961*b**3 - 4*b**2 + 7*b - 2. What is the hundreds digit of u(1)?
9
Let f = 235 + -242. Let u(j) = j**2 + 2*j + 28. What is the tens digit of u(f)?
6
Let t(m) = 3*m**3 - 46*m**2 - 29*m + 30. Let y be t(16). Suppose 0 = 5*d + 5*n - 475, -3*d + 348 - y = -2*n. What is the units digit of d?
2
Let l = 14129 - 2292. What is the units digit of l?
7
Let b(s) = -s**3 + 42*s**2 - 54*s - 1277. What is the tens digit of b(36)?
5
Let h = 47661 - 3796. What is the tens digit of h?
6
Suppose -28*u + 269778 = 85498 - 139428. What is the hundreds digit of u?
5
Let a = -12780 + 31183. What is the hundreds digit of a?
4
Suppose -5*l - 2592 = -14*l. Let c = l - -168. Suppose -2*s = 2*s - c. What is the units digit of s?
4
Suppose -19*y = -29*y + 80470. What is the hundreds digit of y?
0
Let t(b) = 4 - 45*b - 3 + 2*b**3 + 7*b**2 + 41*b - 27*b**2. What is the tens digit of t(11)?
9
Let m be 12/(-7) + 2/(-7). Suppose -2 = -3*i + 4*i - 3*u, -5*i = -2*u + 36. What is the units digit of (i/(-6))/m + (-2051)/(-21)?
7
Let i = -22588 + 78674. What is the tens digit of i?
8
Suppose 0*y - 378 = -3*y. Let h be (-5 - -3) + (1 - -5). Suppose h*r - y = -2*r. What is the tens digit of r?
2
Suppose -7*a - 1474 = -109. Let v = 791 + a. What is the hundreds digit of v?
5
Suppose -5*d + 2*g - 74 = 0, -2*g + 6 = g. What is the units digit of 78/(-182) + 0 + (-2134)/d?
2
Suppose 5*j - 915 = 605. Suppose -7*c - 1409 = -4*r, 5*c - 8*c - 606 = -r. Let h = c + j. What is the hundreds digit of h?
1
Suppose 0 = 4*t + 3*r - 8973, 27*r = 3*t + 32*r - 6716. What is the units digit of t?
7
Suppose 2*s - 1052 = 2*o - 6*o, -4*s = -16. Suppose 743 = 3*k + c, 2*k - 3*c + o = 3*k. What is the units digit of k?
6
Suppose 2*o = -160 + 822. Suppose -4*x + o = -2*r - 95, 3*r = -3*x + 297. What is the tens digit of x?
0
Let a = 18298 - 8750. What is the tens digit of a?
4
Suppose -220*z - 490 = -225*z. Let k be (1 - 6/(-3)) + 9. Let m = z + k. What is the tens digit of m?
1
Let d(h) = 2*h**2 + 13*h + 33. Let r be d(-21). Suppose 8*p = 1606 + r. What is the tens digit of p?
8
Suppose 13*f - 41060 - 9965 = 0. Suppose -11*p = -3522 - f. What is the units digit of p?
7
Suppose 2*c + 92 = v - 58, -5*v + 720 = 5*c. Suppose -v*i + 137*i = -7587. What is the tens digit of i?
4
Let j = 44340 + -22532. What is the tens digit of j?
0
Suppose 5*m + 4*f = m - 12, 15 = 5*m - f. Suppose 2*z + 4 = -2*z, m*t = z + 7. What is the tens digit of 2/t*(-1 + 82)?
5
Suppose -1568 = -3*i + 5*n, -2650 = -5*i - 0*n + n. Let y = i + -256. Suppose -11*b + 330 = -y. What is the units digit of b?
5
Suppose i - 593 = -5*y + 8*y, -4*y = i - 607. Let t = -412 + i. What is the hundreds digit of t?
1
Suppose 0 = 7*d - 12*d + 155. Let c = d + -34. Let b = c + 59. What is the units digit of b?
6
Let c = 1936 - 582. Suppose -c = 5*j - 3*q - 3398, -1224 = -3*j + 3*q. Let p = j + -190. What is the hundreds digit of p?
2
Let m(j) = j**3 - 40*j**2 - 33*j - 648. What is the tens digit of m(55)?
1
Let n = -153 + 293. Let f = -94 + n. Suppose -l + 25 = -f. What is the tens digit of l?
7
Suppose 15 = 5*h - 5*b, 5*h + 4*b = b + 15. Suppose h*g - g + 2882 = 4*w, 0 = 4*g + 20. What is the units digit of w?
8
Let l = -95 + 192. Let n = l - 107. What is the tens digit of 4/n*(-490)/2?
9
Let d = 15198 - 10749. Let s be ((-2)/2)/(2 - d/2223). Suppose 3*l - s = -4*a, 3*a + 4*l + 133 = 694. What is the units digit of a?
3
Let r(h) = 47*h**2 + 27*h - 20. What is the units digit of r(-11)?
0
Let m be (483/2 - 1)*(5 - 3). Let i = m + -75. What is the hundreds digit of i?
4
Let n = -113 + 75. Let a = 79 + n. What is the tens digit of a?
4
Let y = 17073 - -11069. What is the ten thousands digit of y?
2
Suppose -9*z = 4*i - 8*z - 23029, 3*i - 3*z = 17283. What is the tens digit of i?
5
Let g(c) = 4*c**3 + 5*c - 7. Let i = 44 + -40. Suppose -17 = -i*j - 5. What is the units digit of g(j)?
6
Let x be 18/(-4) + 2/4. Let c = 8 + x. Suppose 2*w - 40 = -2*p, w - c*p - 36 = -p. What is the units digit of w?
4
Suppose -s - 228 = 4*r, 4*s - 158 = 5*r + 127. Let p = -2 - r. What is the hundreds digit of (176/p)/((-6)/(-315))?
1
Let g(c) = 7*c**2 + 7*c + 7. Suppose u + 9*s = 4*s - 26, 4*u - 2*s + 16 = 0. What is the units di